{"id":606,"date":"2024-05-10T11:13:56","date_gmt":"2024-05-10T14:13:56","guid":{"rendered":"https:\/\/cicloscozinhas.com.br\/loja\/?page_id=606"},"modified":"2024-05-10T11:20:39","modified_gmt":"2024-05-10T14:20:39","slug":"construcao","status":"publish","type":"page","link":"https:\/\/cicloscozinhas.com.br\/loja\/","title":{"rendered":"Constru\u00e7\u00e3o"},"content":{"rendered":"\t\t<div data-elementor-type=\"wp-page\" data-elementor-id=\"606\" class=\"elementor elementor-606\" data-elementor-post-type=\"page\">\n\t\t\t\t\t\t<section class=\"elementor-section elementor-top-section elementor-element elementor-element-d9975be elementor-section-height-min-height elementor-section-boxed elementor-section-height-default elementor-section-items-middle\" data-id=\"d9975be\" data-element_type=\"section\" data-settings=\"{&quot;background_background&quot;:&quot;classic&quot;}\">\n\t\t\t\t\t\t\t<div class=\"elementor-background-overlay\"><\/div>\n\t\t\t\t\t\t\t<div class=\"elementor-container elementor-column-gap-default\">\n\t\t\t\t\t<div class=\"elementor-column elementor-col-100 elementor-top-column elementor-element elementor-element-d4d4437\" data-id=\"d4d4437\" data-element_type=\"column\">\n\t\t\t<div class=\"elementor-widget-wrap elementor-element-populated\">\n\t\t\t\t\t\t<div class=\"elementor-element elementor-element-7db0e92 elementor-widget elementor-widget-image\" data-id=\"7db0e92\" data-element_type=\"widget\" data-widget_type=\"image.default\">\n\t\t\t\t<div class=\"elementor-widget-container\">\n\t\t\t\t\t\t\t\t\t\t\t\t\t\t\t<img fetchpriority=\"high\" decoding=\"async\" width=\"1024\" height=\"394\" src=\"https:\/\/cicloscozinhas.com.br\/loja\/wp-content\/uploads\/2024\/05\/Preto-vetorizado-leve.webp\" class=\"attachment-large size-large wp-image-616\" alt=\"\" srcset=\"https:\/\/cicloscozinhas.com.br\/loja\/wp-content\/uploads\/2024\/05\/Preto-vetorizado-leve-1024x394.webp 1024w, https:\/\/cicloscozinhas.com.br\/loja\/wp-content\/uploads\/2024\/05\/Preto-vetorizado-leve-300x115.webp 300w, https:\/\/cicloscozinhas.com.br\/loja\/wp-content\/uploads\/2024\/05\/Preto-vetorizado-leve-768x295.webp 768w, https:\/\/cicloscozinhas.com.br\/loja\/wp-content\/uploads\/2024\/05\/Preto-vetorizado-leve-1536x591.webp 1536w, https:\/\/cicloscozinhas.com.br\/loja\/wp-content\/uploads\/2024\/05\/Preto-vetorizado-leve-600x231.webp 600w, https:\/\/cicloscozinhas.com.br\/loja\/wp-content\/uploads\/2024\/05\/Preto-vetorizado-leve.webp 1596w\" sizes=\"(max-width: 1024px) 100vw, 1024px\" \/>\t\t\t\t\t\t\t\t\t\t\t\t\t\t\t<\/div>\n\t\t\t\t<\/div>\n\t\t\t\t<div class=\"elementor-element elementor-element-9a09092 elementor-widget elementor-widget-heading\" data-id=\"9a09092\" data-element_type=\"widget\" data-widget_type=\"heading.default\">\n\t\t\t\t<div class=\"elementor-widget-container\">\n\t\t\t\t\t<h2 class=\"elementor-heading-title elementor-size-default\">Em breve novidades!<\/h2>\t\t\t\t<\/div>\n\t\t\t\t<\/div>\n\t\t\t\t<div class=\"elementor-element elementor-element-73e3019 elementor-widget elementor-widget-text-editor\" data-id=\"73e3019\" data-element_type=\"widget\" data-widget_type=\"text-editor.default\">\n\t\t\t\t<div class=\"elementor-widget-container\">\n\t\t\t\t\t\t\t\t\t<p>Se precisar \u00e9 s\u00f3 entrar em contato pelo whatsapp abaixo:<\/p>\t\t\t\t\t\t\t\t<\/div>\n\t\t\t\t<\/div>\n\t\t\t\t<div class=\"elementor-element elementor-element-7cfa5be elementor-align-center elementor-widget elementor-widget-button\" data-id=\"7cfa5be\" data-element_type=\"widget\" data-widget_type=\"button.default\">\n\t\t\t\t<div class=\"elementor-widget-container\">\n\t\t\t\t\t\t\t\t\t<div class=\"elementor-button-wrapper\">\n\t\t\t\t\t<a class=\"elementor-button elementor-button-link elementor-size-sm\" href=\"http:\/\/Ol\u00e1,%20Visitei%20seu%20site%20e%20quero%20fazer%20um%20or\u00e7amento!\">\n\t\t\t\t\t\t<span class=\"elementor-button-content-wrapper\">\n\t\t\t\t\t\t<span class=\"elementor-button-icon\">\n\t\t\t\t<i aria-hidden=\"true\" class=\"fab fa-whatsapp-square\"><\/i>\t\t\t<\/span>\n\t\t\t\t\t\t\t\t\t<span class=\"elementor-button-text\">Contato<\/span>\n\t\t\t\t\t<\/span>\n\t\t\t\t\t<\/a>\n\t\t\t\t<\/div>\n\t\t\t\t\t\t\t\t<\/div>\n\t\t\t\t<\/div>\n\t\t\t\t\t<\/div>\n\t\t<\/div>\n\t\t\t\t\t<\/div>\n\t\t<\/section>\n\t\t\t\t<\/div>\n\t\t","protected":false},"excerpt":{"rendered":"<p>Em breve novidades! Se precisar \u00e9 s\u00f3 entrar em contato pelo whatsapp abaixo: Contato<\/p>\n","protected":false},"author":8,"featured_media":0,"parent":0,"menu_order":0,"comment_status":"closed","ping_status":"closed","template":"elementor_canvas","meta":{"site-sidebar-layout":"no-sidebar","site-content-layout":"page-builder","ast-site-content-layout":"full-width-container","site-content-style":"default","site-sidebar-style":"default","ast-global-header-display":"","ast-banner-title-visibility":"","ast-main-header-display":"","ast-hfb-above-header-display":"","ast-hfb-below-header-display":"","ast-hfb-mobile-header-display":"","site-post-title":"disabled","ast-breadcrumbs-content":"","ast-featured-img":"disabled","footer-sml-layout":"","ast-disable-related-posts":"","theme-transparent-header-meta":"","adv-header-id-meta":"","stick-header-meta":"","header-above-stick-meta":"","header-main-stick-meta":"","header-below-stick-meta":"","astra-migrate-meta-layouts":"set","ast-page-background-enabled":"default","ast-page-background-meta":{"desktop":{"background-color":"var(--ast-global-color-4)","background-image":"","background-repeat":"repeat","background-position":"center center","background-size":"auto","background-attachment":"scroll","background-type":"","background-media":"","overlay-type":"","overlay-color":"","overlay-opacity":"","overlay-gradient":""},"tablet":{"background-color":"","background-image":"","background-repeat":"repeat","background-position":"center center","background-size":"auto","background-attachment":"scroll","background-type":"","background-media":"","overlay-type":"","overlay-color":"","overlay-opacity":"","overlay-gradient":""},"mobile":{"background-color":"","background-image":"","background-repeat":"repeat","background-position":"center center","background-size":"auto","background-attachment":"scroll","background-type":"","background-media":"","overlay-type":"","overlay-color":"","overlay-opacity":"","overlay-gradient":""}},"ast-content-background-meta":{"desktop":{"background-color":"var(--ast-global-color-5)","background-image":"","background-repeat":"repeat","background-position":"center center","background-size":"auto","background-attachment":"scroll","background-type":"","background-media":"","overlay-type":"","overlay-color":"","overlay-opacity":"","overlay-gradient":""},"tablet":{"background-color":"var(--ast-global-color-5)","background-image":"","background-repeat":"repeat","background-position":"center center","background-size":"auto","background-attachment":"scroll","background-type":"","background-media":"","overlay-type":"","overlay-color":"","overlay-opacity":"","overlay-gradient":""},"mobile":{"background-color":"var(--ast-global-color-5)","background-image":"","background-repeat":"repeat","background-position":"center center","background-size":"auto","background-attachment":"scroll","background-type":"","background-media":"","overlay-type":"","overlay-color":"","overlay-opacity":"","overlay-gradient":""}},"footnotes":""},"class_list":["post-606","page","type-page","status-publish","hentry"],"yoast_head":"<!-- This site is optimized with the Yoast SEO plugin v27.2 - https:\/\/yoast.com\/product\/yoast-seo-wordpress\/ -->\n<title>Constru\u00e7\u00e3o - Ciclos Cozinhas<\/title>\n<meta name=\"robots\" content=\"index, follow, max-snippet:-1, max-image-preview:large, max-video-preview:-1\" \/>\n<link rel=\"canonical\" href=\"https:\/\/cicloscozinhas.com.br\/loja\/\" \/>\n<meta property=\"og:locale\" content=\"pt_BR\" \/>\n<meta property=\"og:type\" content=\"article\" \/>\n<meta property=\"og:title\" content=\"Constru\u00e7\u00e3o - Ciclos Cozinhas\" \/>\n<meta property=\"og:description\" content=\"Em breve novidades! Se precisar \u00e9 s\u00f3 entrar em contato pelo whatsapp abaixo: Contato\" \/>\n<meta property=\"og:url\" content=\"https:\/\/cicloscozinhas.com.br\/loja\/\" \/>\n<meta property=\"og:site_name\" content=\"Ciclos Cozinhas\" \/>\n<meta property=\"article:modified_time\" content=\"2024-05-10T14:20:39+00:00\" \/>\n<meta property=\"og:image\" content=\"https:\/\/cicloscozinhas.com.br\/loja\/wp-content\/uploads\/2024\/05\/Preto-vetorizado-leve-1024x394.webp\" \/>\n<meta name=\"twitter:card\" content=\"summary_large_image\" \/>\n<script type=\"application\/ld+json\" class=\"yoast-schema-graph\">{\"@context\":\"https:\/\/schema.org\",\"@graph\":[{\"@type\":\"WebPage\",\"@id\":\"https:\/\/cicloscozinhas.com.br\/loja\/\",\"url\":\"https:\/\/cicloscozinhas.com.br\/loja\/\",\"name\":\"Constru\u00e7\u00e3o - Ciclos Cozinhas\",\"isPartOf\":{\"@id\":\"https:\/\/cicloscozinhas.com.br\/loja\/#website\"},\"primaryImageOfPage\":{\"@id\":\"https:\/\/cicloscozinhas.com.br\/loja\/#primaryimage\"},\"image\":{\"@id\":\"https:\/\/cicloscozinhas.com.br\/loja\/#primaryimage\"},\"thumbnailUrl\":\"https:\/\/cicloscozinhas.com.br\/loja\/wp-content\/uploads\/2024\/05\/Preto-vetorizado-leve-1024x394.webp\",\"datePublished\":\"2024-05-10T14:13:56+00:00\",\"dateModified\":\"2024-05-10T14:20:39+00:00\",\"breadcrumb\":{\"@id\":\"https:\/\/cicloscozinhas.com.br\/loja\/#breadcrumb\"},\"inLanguage\":\"pt-BR\",\"potentialAction\":[{\"@type\":\"ReadAction\",\"target\":[\"https:\/\/cicloscozinhas.com.br\/loja\/\"]}]},{\"@type\":\"ImageObject\",\"inLanguage\":\"pt-BR\",\"@id\":\"https:\/\/cicloscozinhas.com.br\/loja\/#primaryimage\",\"url\":\"https:\/\/cicloscozinhas.com.br\/loja\/wp-content\/uploads\/2024\/05\/Preto-vetorizado-leve-1024x394.webp\",\"contentUrl\":\"https:\/\/cicloscozinhas.com.br\/loja\/wp-content\/uploads\/2024\/05\/Preto-vetorizado-leve-1024x394.webp\"},{\"@type\":\"BreadcrumbList\",\"@id\":\"https:\/\/cicloscozinhas.com.br\/loja\/#breadcrumb\",\"itemListElement\":[{\"@type\":\"ListItem\",\"position\":1,\"name\":\"In\u00edcio\",\"item\":\"https:\/\/cicloscozinhas.com.br\/loja\/\"},{\"@type\":\"ListItem\",\"position\":2,\"name\":\"Constru\u00e7\u00e3o\"}]},{\"@type\":\"WebSite\",\"@id\":\"https:\/\/cicloscozinhas.com.br\/loja\/#website\",\"url\":\"https:\/\/cicloscozinhas.com.br\/loja\/\",\"name\":\"Ciclos Cozinhas\",\"description\":\"Manuten\u00e7\u00e3o em cozinhas profissionais\",\"publisher\":{\"@id\":\"https:\/\/cicloscozinhas.com.br\/loja\/#organization\"},\"potentialAction\":[{\"@type\":\"SearchAction\",\"target\":{\"@type\":\"EntryPoint\",\"urlTemplate\":\"https:\/\/cicloscozinhas.com.br\/loja\/?s={search_term_string}\"},\"query-input\":{\"@type\":\"PropertyValueSpecification\",\"valueRequired\":true,\"valueName\":\"search_term_string\"}}],\"inLanguage\":\"pt-BR\"},{\"@type\":\"Organization\",\"@id\":\"https:\/\/cicloscozinhas.com.br\/loja\/#organization\",\"name\":\"Ciclos Cozinhas\",\"url\":\"https:\/\/cicloscozinhas.com.br\/loja\/\",\"logo\":{\"@type\":\"ImageObject\",\"inLanguage\":\"pt-BR\",\"@id\":\"https:\/\/cicloscozinhas.com.br\/loja\/#\/schema\/logo\/image\/\",\"url\":\"https:\/\/cicloscozinhas.com.br\/loja\/wp-content\/uploads\/2024\/05\/Preto-vetorizado-leve.webp\",\"contentUrl\":\"https:\/\/cicloscozinhas.com.br\/loja\/wp-content\/uploads\/2024\/05\/Preto-vetorizado-leve.webp\",\"width\":1596,\"height\":614,\"caption\":\"Ciclos Cozinhas\"},\"image\":{\"@id\":\"https:\/\/cicloscozinhas.com.br\/loja\/#\/schema\/logo\/image\/\"}}]}<\/script>\n<!-- \/ Yoast SEO plugin. -->","yoast_head_json":{"title":"Constru\u00e7\u00e3o - Ciclos Cozinhas","robots":{"index":"index","follow":"follow","max-snippet":"max-snippet:-1","max-image-preview":"max-image-preview:large","max-video-preview":"max-video-preview:-1"},"canonical":"https:\/\/cicloscozinhas.com.br\/loja\/","og_locale":"pt_BR","og_type":"article","og_title":"Constru\u00e7\u00e3o - Ciclos Cozinhas","og_description":"Em breve novidades! Se precisar \u00e9 s\u00f3 entrar em contato pelo whatsapp abaixo: Contato","og_url":"https:\/\/cicloscozinhas.com.br\/loja\/","og_site_name":"Ciclos Cozinhas","article_modified_time":"2024-05-10T14:20:39+00:00","og_image":[{"url":"https:\/\/cicloscozinhas.com.br\/loja\/wp-content\/uploads\/2024\/05\/Preto-vetorizado-leve-1024x394.webp","type":"","width":"","height":""}],"twitter_card":"summary_large_image","schema":{"@context":"https:\/\/schema.org","@graph":[{"@type":"WebPage","@id":"https:\/\/cicloscozinhas.com.br\/loja\/","url":"https:\/\/cicloscozinhas.com.br\/loja\/","name":"Constru\u00e7\u00e3o - Ciclos Cozinhas","isPartOf":{"@id":"https:\/\/cicloscozinhas.com.br\/loja\/#website"},"primaryImageOfPage":{"@id":"https:\/\/cicloscozinhas.com.br\/loja\/#primaryimage"},"image":{"@id":"https:\/\/cicloscozinhas.com.br\/loja\/#primaryimage"},"thumbnailUrl":"https:\/\/cicloscozinhas.com.br\/loja\/wp-content\/uploads\/2024\/05\/Preto-vetorizado-leve-1024x394.webp","datePublished":"2024-05-10T14:13:56+00:00","dateModified":"2024-05-10T14:20:39+00:00","breadcrumb":{"@id":"https:\/\/cicloscozinhas.com.br\/loja\/#breadcrumb"},"inLanguage":"pt-BR","potentialAction":[{"@type":"ReadAction","target":["https:\/\/cicloscozinhas.com.br\/loja\/"]}]},{"@type":"ImageObject","inLanguage":"pt-BR","@id":"https:\/\/cicloscozinhas.com.br\/loja\/#primaryimage","url":"https:\/\/cicloscozinhas.com.br\/loja\/wp-content\/uploads\/2024\/05\/Preto-vetorizado-leve-1024x394.webp","contentUrl":"https:\/\/cicloscozinhas.com.br\/loja\/wp-content\/uploads\/2024\/05\/Preto-vetorizado-leve-1024x394.webp"},{"@type":"BreadcrumbList","@id":"https:\/\/cicloscozinhas.com.br\/loja\/#breadcrumb","itemListElement":[{"@type":"ListItem","position":1,"name":"In\u00edcio","item":"https:\/\/cicloscozinhas.com.br\/loja\/"},{"@type":"ListItem","position":2,"name":"Constru\u00e7\u00e3o"}]},{"@type":"WebSite","@id":"https:\/\/cicloscozinhas.com.br\/loja\/#website","url":"https:\/\/cicloscozinhas.com.br\/loja\/","name":"Ciclos Cozinhas","description":"Manuten\u00e7\u00e3o em cozinhas profissionais","publisher":{"@id":"https:\/\/cicloscozinhas.com.br\/loja\/#organization"},"potentialAction":[{"@type":"SearchAction","target":{"@type":"EntryPoint","urlTemplate":"https:\/\/cicloscozinhas.com.br\/loja\/?s={search_term_string}"},"query-input":{"@type":"PropertyValueSpecification","valueRequired":true,"valueName":"search_term_string"}}],"inLanguage":"pt-BR"},{"@type":"Organization","@id":"https:\/\/cicloscozinhas.com.br\/loja\/#organization","name":"Ciclos Cozinhas","url":"https:\/\/cicloscozinhas.com.br\/loja\/","logo":{"@type":"ImageObject","inLanguage":"pt-BR","@id":"https:\/\/cicloscozinhas.com.br\/loja\/#\/schema\/logo\/image\/","url":"https:\/\/cicloscozinhas.com.br\/loja\/wp-content\/uploads\/2024\/05\/Preto-vetorizado-leve.webp","contentUrl":"https:\/\/cicloscozinhas.com.br\/loja\/wp-content\/uploads\/2024\/05\/Preto-vetorizado-leve.webp","width":1596,"height":614,"caption":"Ciclos Cozinhas"},"image":{"@id":"https:\/\/cicloscozinhas.com.br\/loja\/#\/schema\/logo\/image\/"}}]}},"_links":{"self":[{"href":"https:\/\/cicloscozinhas.com.br\/loja\/wp-json\/wp\/v2\/pages\/606","targetHints":{"allow":["GET"]}}],"collection":[{"href":"https:\/\/cicloscozinhas.com.br\/loja\/wp-json\/wp\/v2\/pages"}],"about":[{"href":"https:\/\/cicloscozinhas.com.br\/loja\/wp-json\/wp\/v2\/types\/page"}],"author":[{"embeddable":true,"href":"https:\/\/cicloscozinhas.com.br\/loja\/wp-json\/wp\/v2\/users\/8"}],"replies":[{"embeddable":true,"href":"https:\/\/cicloscozinhas.com.br\/loja\/wp-json\/wp\/v2\/comments?post=606"}],"version-history":[{"count":4,"href":"https:\/\/cicloscozinhas.com.br\/loja\/wp-json\/wp\/v2\/pages\/606\/revisions"}],"predecessor-version":[{"id":619,"href":"https:\/\/cicloscozinhas.com.br\/loja\/wp-json\/wp\/v2\/pages\/606\/revisions\/619"}],"wp:attachment":[{"href":"https:\/\/cicloscozinhas.com.br\/loja\/wp-json\/wp\/v2\/media?parent=606"}],"curies":[{"name":"wp","href":"https:\/\/api.w.org\/{rel}","templated":true}]}}