{"id":14,"date":"2020-11-10T21:45:52","date_gmt":"2020-11-11T00:45:52","guid":{"rendered":"https:\/\/cicloscozinhas.com.br\/loja\/minha-conta\/"},"modified":"2020-11-11T22:51:05","modified_gmt":"2020-11-12T01:51:05","slug":"minha-conta","status":"publish","type":"page","link":"https:\/\/cicloscozinhas.com.br\/loja\/minha-conta\/","title":{"rendered":"Minha conta"},"content":{"rendered":"\t\t<div data-elementor-type=\"wp-page\" data-elementor-id=\"14\" class=\"elementor elementor-14\" data-elementor-post-type=\"page\">\n\t\t\t\t<!-- dce invisible element 1996d7b -->\t\t<section class=\"elementor-section elementor-top-section elementor-element elementor-element-9e39c32 elementor-section-boxed elementor-section-height-default elementor-section-height-default\" data-id=\"9e39c32\" data-element_type=\"section\">\n\t\t\t\t\t\t<div class=\"elementor-container elementor-column-gap-default\">\n\t\t\t\t\t<div class=\"elementor-column elementor-col-100 elementor-top-column elementor-element elementor-element-2662e2b\" data-id=\"2662e2b\" data-element_type=\"column\">\n\t\t\t<div class=\"elementor-widget-wrap elementor-element-populated\">\n\t\t\t\t\t\t<div class=\"elementor-element elementor-element-139a7be elementor-widget elementor-widget-my-account\" data-id=\"139a7be\" data-element_type=\"widget\" data-widget_type=\"my-account.default\">\n\t\t\t\t<div class=\"elementor-widget-container\">\n\t\t\t\t\t\n\t\t<div class=\"wl-my-account wl-my-account-top\">\n\t\t\t<div class=\"woocommerce\"><\/div>\t\t<\/div>\n\n\t\t\t\t\t\t<\/div>\n\t\t\t\t<\/div>\n\t\t\t\t\t<\/div>\n\t\t<\/div>\n\t\t\t\t\t<\/div>\n\t\t<\/section>\n\t\t\t\t<\/div>\n\t\t","protected":false},"excerpt":{"rendered":"<p>Seja bem vindo (a) Painel Pedidos Downloads Endere\u00e7os Detalhes da conta Sair Ol\u00e1, Rafael (n\u00e3o \u00e9 Rafael? Sair) A partir do painel de controle de sua conta, voc\u00ea pode ver suas compras recentes, gerenciar seus endere\u00e7os de entrega e faturamento, e editar sua senha e detalhes da conta.<\/p>\n","protected":false},"author":7,"featured_media":0,"parent":0,"menu_order":0,"comment_status":"closed","ping_status":"closed","template":"elementor_header_footer","meta":{"site-sidebar-layout":"default","site-content-layout":"default","ast-site-content-layout":"default","site-content-style":"default","site-sidebar-style":"default","ast-global-header-display":"","ast-banner-title-visibility":"","ast-main-header-display":"","ast-hfb-above-header-display":"","ast-hfb-below-header-display":"","ast-hfb-mobile-header-display":"","site-post-title":"","ast-breadcrumbs-content":"","ast-featured-img":"","footer-sml-layout":"","ast-disable-related-posts":"","theme-transparent-header-meta":"default","adv-header-id-meta":"","stick-header-meta":"","header-above-stick-meta":"","header-main-stick-meta":"","header-below-stick-meta":"","astra-migrate-meta-layouts":"default","ast-page-background-enabled":"default","ast-page-background-meta":{"desktop":{"background-color":"var(--ast-global-color-4)","background-image":"","background-repeat":"repeat","background-position":"center center","background-size":"auto","background-attachment":"scroll","background-type":"","background-media":"","overlay-type":"","overlay-color":"","overlay-opacity":"","overlay-gradient":""},"tablet":{"background-color":"","background-image":"","background-repeat":"repeat","background-position":"center center","background-size":"auto","background-attachment":"scroll","background-type":"","background-media":"","overlay-type":"","overlay-color":"","overlay-opacity":"","overlay-gradient":""},"mobile":{"background-color":"","background-image":"","background-repeat":"repeat","background-position":"center center","background-size":"auto","background-attachment":"scroll","background-type":"","background-media":"","overlay-type":"","overlay-color":"","overlay-opacity":"","overlay-gradient":""}},"ast-content-background-meta":{"desktop":{"background-color":"var(--ast-global-color-5)","background-image":"","background-repeat":"repeat","background-position":"center center","background-size":"auto","background-attachment":"scroll","background-type":"","background-media":"","overlay-type":"","overlay-color":"","overlay-opacity":"","overlay-gradient":""},"tablet":{"background-color":"var(--ast-global-color-5)","background-image":"","background-repeat":"repeat","background-position":"center center","background-size":"auto","background-attachment":"scroll","background-type":"","background-media":"","overlay-type":"","overlay-color":"","overlay-opacity":"","overlay-gradient":""},"mobile":{"background-color":"var(--ast-global-color-5)","background-image":"","background-repeat":"repeat","background-position":"center center","background-size":"auto","background-attachment":"scroll","background-type":"","background-media":"","overlay-type":"","overlay-color":"","overlay-opacity":"","overlay-gradient":""}},"footnotes":""},"class_list":["post-14","page","type-page","status-publish","hentry"],"yoast_head":"<!-- This site is optimized with the Yoast SEO plugin v27.2 - https:\/\/yoast.com\/product\/yoast-seo-wordpress\/ -->\n<title>Minha conta - Ciclos Cozinhas<\/title>\n<meta name=\"robots\" content=\"index, follow, max-snippet:-1, max-image-preview:large, max-video-preview:-1\" \/>\n<link rel=\"canonical\" href=\"https:\/\/cicloscozinhas.com.br\/loja\/minha-conta\/\" \/>\n<meta property=\"og:locale\" content=\"pt_BR\" \/>\n<meta property=\"og:type\" content=\"article\" \/>\n<meta property=\"og:title\" content=\"Minha conta - Ciclos Cozinhas\" \/>\n<meta property=\"og:description\" content=\"Seja bem vindo (a) Painel Pedidos Downloads Endere\u00e7os Detalhes da conta Sair Ol\u00e1, Rafael (n\u00e3o \u00e9 Rafael? Sair) A partir do painel de controle de sua conta, voc\u00ea pode ver suas compras recentes, gerenciar seus endere\u00e7os de entrega e faturamento, e editar sua senha e detalhes da conta.\" \/>\n<meta property=\"og:url\" content=\"https:\/\/cicloscozinhas.com.br\/loja\/minha-conta\/\" \/>\n<meta property=\"og:site_name\" content=\"Ciclos Cozinhas\" \/>\n<meta property=\"article:modified_time\" content=\"2020-11-12T01:51:05+00:00\" \/>\n<meta name=\"twitter:card\" content=\"summary_large_image\" \/>\n<script type=\"application\/ld+json\" class=\"yoast-schema-graph\">{\"@context\":\"https:\/\/schema.org\",\"@graph\":[{\"@type\":\"WebPage\",\"@id\":\"https:\/\/cicloscozinhas.com.br\/loja\/minha-conta\/\",\"url\":\"https:\/\/cicloscozinhas.com.br\/loja\/minha-conta\/\",\"name\":\"Minha conta - Ciclos Cozinhas\",\"isPartOf\":{\"@id\":\"https:\/\/cicloscozinhas.com.br\/loja\/#website\"},\"datePublished\":\"2020-11-11T00:45:52+00:00\",\"dateModified\":\"2020-11-12T01:51:05+00:00\",\"breadcrumb\":{\"@id\":\"https:\/\/cicloscozinhas.com.br\/loja\/minha-conta\/#breadcrumb\"},\"inLanguage\":\"pt-BR\",\"potentialAction\":[{\"@type\":\"ReadAction\",\"target\":[\"https:\/\/cicloscozinhas.com.br\/loja\/minha-conta\/\"]}]},{\"@type\":\"BreadcrumbList\",\"@id\":\"https:\/\/cicloscozinhas.com.br\/loja\/minha-conta\/#breadcrumb\",\"itemListElement\":[{\"@type\":\"ListItem\",\"position\":1,\"name\":\"In\u00edcio\",\"item\":\"https:\/\/cicloscozinhas.com.br\/loja\/\"},{\"@type\":\"ListItem\",\"position\":2,\"name\":\"Minha conta\"}]},{\"@type\":\"WebSite\",\"@id\":\"https:\/\/cicloscozinhas.com.br\/loja\/#website\",\"url\":\"https:\/\/cicloscozinhas.com.br\/loja\/\",\"name\":\"Ciclos Cozinhas\",\"description\":\"Manuten\u00e7\u00e3o em cozinhas profissionais\",\"publisher\":{\"@id\":\"https:\/\/cicloscozinhas.com.br\/loja\/#organization\"},\"potentialAction\":[{\"@type\":\"SearchAction\",\"target\":{\"@type\":\"EntryPoint\",\"urlTemplate\":\"https:\/\/cicloscozinhas.com.br\/loja\/?s={search_term_string}\"},\"query-input\":{\"@type\":\"PropertyValueSpecification\",\"valueRequired\":true,\"valueName\":\"search_term_string\"}}],\"inLanguage\":\"pt-BR\"},{\"@type\":\"Organization\",\"@id\":\"https:\/\/cicloscozinhas.com.br\/loja\/#organization\",\"name\":\"Ciclos Cozinhas\",\"url\":\"https:\/\/cicloscozinhas.com.br\/loja\/\",\"logo\":{\"@type\":\"ImageObject\",\"inLanguage\":\"pt-BR\",\"@id\":\"https:\/\/cicloscozinhas.com.br\/loja\/#\/schema\/logo\/image\/\",\"url\":\"https:\/\/cicloscozinhas.com.br\/loja\/wp-content\/uploads\/2024\/05\/Preto-vetorizado-leve.webp\",\"contentUrl\":\"https:\/\/cicloscozinhas.com.br\/loja\/wp-content\/uploads\/2024\/05\/Preto-vetorizado-leve.webp\",\"width\":1596,\"height\":614,\"caption\":\"Ciclos Cozinhas\"},\"image\":{\"@id\":\"https:\/\/cicloscozinhas.com.br\/loja\/#\/schema\/logo\/image\/\"}}]}<\/script>\n<!-- \/ Yoast SEO plugin. -->","yoast_head_json":{"title":"Minha conta - Ciclos Cozinhas","robots":{"index":"index","follow":"follow","max-snippet":"max-snippet:-1","max-image-preview":"max-image-preview:large","max-video-preview":"max-video-preview:-1"},"canonical":"https:\/\/cicloscozinhas.com.br\/loja\/minha-conta\/","og_locale":"pt_BR","og_type":"article","og_title":"Minha conta - Ciclos Cozinhas","og_description":"Seja bem vindo (a) Painel Pedidos Downloads Endere\u00e7os Detalhes da conta Sair Ol\u00e1, Rafael (n\u00e3o \u00e9 Rafael? Sair) A partir do painel de controle de sua conta, voc\u00ea pode ver suas compras recentes, gerenciar seus endere\u00e7os de entrega e faturamento, e editar sua senha e detalhes da conta.","og_url":"https:\/\/cicloscozinhas.com.br\/loja\/minha-conta\/","og_site_name":"Ciclos Cozinhas","article_modified_time":"2020-11-12T01:51:05+00:00","twitter_card":"summary_large_image","schema":{"@context":"https:\/\/schema.org","@graph":[{"@type":"WebPage","@id":"https:\/\/cicloscozinhas.com.br\/loja\/minha-conta\/","url":"https:\/\/cicloscozinhas.com.br\/loja\/minha-conta\/","name":"Minha conta - Ciclos Cozinhas","isPartOf":{"@id":"https:\/\/cicloscozinhas.com.br\/loja\/#website"},"datePublished":"2020-11-11T00:45:52+00:00","dateModified":"2020-11-12T01:51:05+00:00","breadcrumb":{"@id":"https:\/\/cicloscozinhas.com.br\/loja\/minha-conta\/#breadcrumb"},"inLanguage":"pt-BR","potentialAction":[{"@type":"ReadAction","target":["https:\/\/cicloscozinhas.com.br\/loja\/minha-conta\/"]}]},{"@type":"BreadcrumbList","@id":"https:\/\/cicloscozinhas.com.br\/loja\/minha-conta\/#breadcrumb","itemListElement":[{"@type":"ListItem","position":1,"name":"In\u00edcio","item":"https:\/\/cicloscozinhas.com.br\/loja\/"},{"@type":"ListItem","position":2,"name":"Minha conta"}]},{"@type":"WebSite","@id":"https:\/\/cicloscozinhas.com.br\/loja\/#website","url":"https:\/\/cicloscozinhas.com.br\/loja\/","name":"Ciclos Cozinhas","description":"Manuten\u00e7\u00e3o em cozinhas profissionais","publisher":{"@id":"https:\/\/cicloscozinhas.com.br\/loja\/#organization"},"potentialAction":[{"@type":"SearchAction","target":{"@type":"EntryPoint","urlTemplate":"https:\/\/cicloscozinhas.com.br\/loja\/?s={search_term_string}"},"query-input":{"@type":"PropertyValueSpecification","valueRequired":true,"valueName":"search_term_string"}}],"inLanguage":"pt-BR"},{"@type":"Organization","@id":"https:\/\/cicloscozinhas.com.br\/loja\/#organization","name":"Ciclos Cozinhas","url":"https:\/\/cicloscozinhas.com.br\/loja\/","logo":{"@type":"ImageObject","inLanguage":"pt-BR","@id":"https:\/\/cicloscozinhas.com.br\/loja\/#\/schema\/logo\/image\/","url":"https:\/\/cicloscozinhas.com.br\/loja\/wp-content\/uploads\/2024\/05\/Preto-vetorizado-leve.webp","contentUrl":"https:\/\/cicloscozinhas.com.br\/loja\/wp-content\/uploads\/2024\/05\/Preto-vetorizado-leve.webp","width":1596,"height":614,"caption":"Ciclos Cozinhas"},"image":{"@id":"https:\/\/cicloscozinhas.com.br\/loja\/#\/schema\/logo\/image\/"}}]}},"_links":{"self":[{"href":"https:\/\/cicloscozinhas.com.br\/loja\/wp-json\/wp\/v2\/pages\/14","targetHints":{"allow":["GET"]}}],"collection":[{"href":"https:\/\/cicloscozinhas.com.br\/loja\/wp-json\/wp\/v2\/pages"}],"about":[{"href":"https:\/\/cicloscozinhas.com.br\/loja\/wp-json\/wp\/v2\/types\/page"}],"author":[{"embeddable":true,"href":"https:\/\/cicloscozinhas.com.br\/loja\/wp-json\/wp\/v2\/users\/7"}],"replies":[{"embeddable":true,"href":"https:\/\/cicloscozinhas.com.br\/loja\/wp-json\/wp\/v2\/comments?post=14"}],"version-history":[{"count":7,"href":"https:\/\/cicloscozinhas.com.br\/loja\/wp-json\/wp\/v2\/pages\/14\/revisions"}],"predecessor-version":[{"id":516,"href":"https:\/\/cicloscozinhas.com.br\/loja\/wp-json\/wp\/v2\/pages\/14\/revisions\/516"}],"wp:attachment":[{"href":"https:\/\/cicloscozinhas.com.br\/loja\/wp-json\/wp\/v2\/media?parent=14"}],"curies":[{"name":"wp","href":"https:\/\/api.w.org\/{rel}","templated":true}]}}